n base 4, what is -101220 - 1?
-101221
In base 11, what is -922 + -3?
-925
In base 14, what is 601 + 1?
602
In base 7, what is -2634 - -55?
-2546
In base 13, what is 2b1 - 5?
2a9
In base 13, what is -3 - 91?
-94
In base 9, what is -348 + 1?
-347
In base 16, what is -14 - 1f?
-33
In base 13, what is 4 - -62?
66
In base 8, what is -14220 - 3?
-14223
In base 3, what is 0 - -10120222?
10120222
In base 16, what is 0 + ed?
ed
In base 7, what is 4 + 550?
554
In base 4, what is 11022 + -100?
10322
In base 16, what is -3a + 9c?
62
In base 16, what is 11f8 + 5?
11fd
In base 14, what is 6 - 2?
4
In base 11, what is 127 - -13?
13a
In base 3, what is -2000 - -10?
-1220
In base 7, what is -33 + -305?
-341
In base 8, what is 1 - -350?
351
In base 12, what is 46 + 4?
4a
In base 7, what is 5 + 1013?
1021
In base 13, what is -3 + 25?
22
In base 8, what is -52 + 36?
-14
In base 2, what is -111001 + 1010?
-101111
In base 13, what is 5 - -a1b?
a23
In base 5, what is -43110 + -1?
-43111
In base 7, what is -6 + 1513?
1504
In base 2, what is 10000000010 + -11?
1111111111
In base 4, what is 3 - 12211?
-12202
In base 9, what is 1708 + 3?
1712
In base 14, what is -52d - -3?
-52a
In base 9, what is -604 + 8?
-585
In base 6, what is -2 - 3233?
-3235
In base 8, what is 25 - 15?
10
In base 7, what is -130 - 0?
-130
In base 6, what is -400 + 4?
-352
In base 6, what is 402 - 21?
341
In base 14, what is -4 + -34?
-38
In base 15, what is 23b + 0?
23b
In base 13, what is 25a + -4?
256
In base 15, what is -1 + 17d?
17c
In base 7, what is -26 - 2?
-31
In base 9, what is 4363 - -1?
4364
In base 5, what is 43 + 3010?
3103
In base 6, what is 1052 - 15?
1033
In base 4, what is -10 - 22223?
-22233
In base 15, what is 15 - 4?
11
In base 13, what is 5 - -77?
7c
In base 8, what is 2 - 34?
-32
In base 7, what is 1 + -102?
-101
In base 9, what is -31 - -201?
160
In base 15, what is e + 1e?
2d
In base 16, what is 33 + -de?
-ab
In base 12, what is -25a - 3?
-261
In base 13, what is 3 - -24?
27
In base 13, what is 87 + -3?
84
In base 14, what is -5d + -30?
-8d
In base 10, what is -1063 + -1?
-1064
In base 16, what is 21e + 4?
222
In base 13, what is -70 - 2c?
-9c
In base 12, what is 2 - 21?
-1b
In base 2, what is -110110 - 110001?
-1100111
In base 9, what is 2 - -60?
62
In base 9, what is -15 + -15?
-31
In base 10, what is -208 - 28?
-236
In base 5, what is -2131 + 0?
-2131
In base 6, what is -11 - 315?
-330
In base 13, what is -20b + 0?
-20b
In base 10, what is 0 - -785?
785
In base 3, what is 121221 + -22?
121122
In base 8, what is 5 + 1231?
1236
In base 3, what is 11 + -122012?
-122001
In base 11, what is 21 - 90?
-6a
In base 5, what is -11443 - -3?
-11440
In base 9, what is -2352 - -5?
-2346
In base 5, what is 112 - -3?
120
In base 5, what is -4123 + 101?
-4022
In base 8, what is 50 - 0?
50
In base 7, what is 40133 - -2?
40135
In base 11, what is 2 + 1135?
1137
In base 15, what is -6 + -c69?
-c70
In base 13, what is -5 - -3a?
35
In base 8, what is 5446 + -3?
5443
In base 15, what is 21 + -2e?
-d
In base 8, what is 0 - 645?
-645
In base 14, what is c0 + 7?
c7
In base 5, what is -3 + -4003?
-4011
In base 5, what is -2433 - -2?
-2431
In base 12, what is 5 - -101?
106
In base 15, what is 53a - -5?
540
In base 13, what is 14c + 3?
152
In base 3, what is 0 - 122?
-122
In base 10, what is 14737 - -5?
14742
In base 9, what is -4 - -753?
748
In base 7, what is 2 - 12?
-10
In base 15, what is -5 + -3ba?
-3c0
In base 9, what is -4 + 462?
457
In base 6, what is -2 - 24?
-30
In base 4, what is -2020 - -10?
-2010
In base 16, what is -4 + 1e?
1a
In base 4, what is 13 + -3?
10
In base 4, what is 2003230 - -2?
2003232
In base 5, what is -131221 + -3?
-131224
In base 11, what is 3a + -12?
28
In base 14, what is -11a8 - 3?
-11ab
In base 14, what is 4 - -bb?
c1
In base 3, what is 12 + 1000002?
1000021
In base 3, what is 11211 + -110?
11101
In base 5, what is 0 + 1332?
1332
In base 11, what is 4 - 115?
-111
In base 2, what is -101011 - -11?
-101000
In base 4, what is 1010223 + -11?
1010212
In base 16, what is 346 - 1?
345
In base 8, what is -2647 + 5?
-2642
In base 2, what is -10 + 11100010?
11100000
In base 6, what is 210 - -11?
221
In base 11, what is 54a4 + -4?
54a0
In base 5, what is 22 - 102?
-30
In base 10, what is 1 + -316?
-315
In base 10, what is -5 - 872?
-877
In base 15, what is 183 - -2?
185
In base 15, what is -14a3 - 0?
-14a3
In base 2, what is -1100101110 - 100?
-1100110010
In base 9, what is -1761 - 4?
-1765
In base 14, what is -a4 + 97?
-b
In base 11, what is -5 - 6?
-10
In base 3, what is -10 - 10020?
-10100
In base 3, what is 122 - 1100102?
-1022210
In base 5, what is -244 - 13?
-312
In base 10, what is 3 - -83?
86
In base 12, what is 943 - 3?
940
In base 9, what is -2 + -71?
-73
In base 3, what is -12 + -20110?
-20122
In base 12, what is -1 - -a4?
a3
In base 14, what is 69 - -11?
7a
In base 2, what is 0 + -100100011111?
-100100011111
In base 8, what is 0 - 3?
-3
In base 12, what is 0 + 0?
0
In base 11, what is -1 - 819?
-81a
In base 3, what is -21 + 12111?
12020
In base 7, what is 5 - 6240?
-6232
In base 2, what is -101 - -1010?
101
In base 16, what is -4 + b5?
b1
In base 2, what is -101101 + 100010?
-1011
In base 16, what is 2 + 1f17?
1f19
In base 12, what is 0 + -4373?
-4373
In base 12, what is -2017 + -2?
-2019
In base 9, what is 4 - 341?
-336
In base 13, what is -2 + -75?
-77
In base 16, what is b - 1f7?
-1ec
In base 7, what is 15235 - -5?
15243
In base 14, what is -59 - -5?
-54
In base 5, what is 3 + 11?
14
In base 10, what is 48736 + -3?
48733
In base 11, what is 26 + 0?
26
In base 13, what is -5 - 63b?
-643
In base 16, what is -3 + -82?
-85
In base 9, what is 0 + 504?
504
In base 2, what is -10 - -10101100100?
10101100010
In base 10, what is -2 + -511?
-513
In base 16, what is 5 - 58?
-53
In base 10, what is -5319 - -1?
-5318
In base 7, what is -3 - -363?
360
In base 13, what is -1 + 33b?
33a
In base 8, what is 11326 + 0?
11326
In base 13, what is -1a + -24?
-41
In base 13, what is -10 + 16?
6
In base 6, what is 1545 + 3?
1552
In base 11, what is 0 - -822?
822
In base 4, what is -101 + -220?
-321
In base 7, what is -1113 - -14?
-1066
In base 9, what is -2 + -15?
-17
In base 11, what is -1 + -287?
-288
In base 5, what is -4 + 44?
40
In base 6, what is -4 + 323?
315
In base 4, what is 10101 - 1?
10100
In base 7, what is 3 + -1065?
-1062
In base 7, what is 2 + 442?
444
In base 8, what is -13572 + -3?
-13575
In base 12, what is 54 - -2?
56
In base 7, what is 5 - -41?
46
In base 15, what is -28d + -d?
-29b
In base 5, what is -2302 - 123?
-2430
In base 7, what is -15505 - 3?
-15511
In base 2, what is -100110 + -100?
-101010
In base 16, what is 123 - 5?
11e
In base 5, what is 30442 - 4?
30433
In base 15, what is 0 - -937?
937
In base 2, what is -1101010 + -11?
-1101101
In base 15, what is 4 - -2d9?
2dd
In base 13, what is -7a3b - -2?
-7a39
In base 13, what is 3 - -4c5?
4c8
In base 2, what is 11 + 110001001?
110001100
In base 10, what is 1 + 121?
122
In base 6, what is 254 - 5?
245
In base 6, what is 54 - -12?
110
In base 14, what is 2 + -a78?
-a76
In base 3, what is 2200 + 11?
2211
In base 3, what is 1011101 + -1?
1011100
In base 6, what is -235 + -5?
-244
In base 11, what is -10 - -83?
73
In base 8, what is 7 + 3?
12
In base 11, what is -501 + 2?
-4aa
In base 6, what is -1 - 403?
-404
In base 2, what is 11 - 1000101?
-1000010
In base 3, what is -11 + 1000?
212
In base 2, what is 11000111 - 100?
11000011
In base 5, what is -41322 + 10?
-41312
In base 13, what is aa + -2?
a8
In base 8, what is 2647 - 4?
2643
In base 10, what is 130 + -92?
38
In base 2, what is 1000 + 1?
1001
In base 6, what is -4 + 422?
414
In base 10, what is -3836 + 1?
-3835
In base 7, what is 20 + 110?
130
In base 2, what is 10111010 - 1110?
10101100
In base 6, what is 24 + 345?
413
In base 6, what is 10052 + -33?
10015
In base 15, what is -3e5 + 0?
-3e5
In base 6, what is 14 - 43?
-25
In base 6, what is -2033 + -4?
-2041
In base 5, what is 133 - 313?
-130
In base 13, what is 391 + -2?
38c
In base 6, what is 2 + 2003?
2005
In base 9, what is 1 - 516?
-515
In base 12, what is 92a - 7?
923
In base 11, what is -1 + aa6?
aa5
In base 13, what is 144 + 2?
146
In base 10, what is 2 + -338?
-336
In base 12, what is -2 - -18?